a**3 - 13*a**2 + 19*a - 27. Calculate s(11).
-60
Let h(g) = -4*g**2 - 3*g + 32. Calculate h(4).
-44
Let g(o) = o - 10. Calculate g(4).
-6
Let t(k) = k**2 - 7*k - 643. What is t(-22)?
-5
Let g(d) = -d**2 - 2*d - 4. Calculate g(4).
-28
Let l(p) = 23*p + 17. Calculate l(-7).
-144
Let n(k) = 12*k**3 - k**2. Give n(1).
11
Let y(u) = -8*u**3 + 3*u**2 + 2*u - 1. Determine y(2).
-49
Let o(a) = -a**3 - 3*a**2 - 7*a - 7. Give o(-2).
3
Let j(n) = -n**3 + 5*n**2 + 4*n + 7. What is j(6)?
-5
Let r(h) = h**3 - 9*h**2 + 9*h - 5. Calculate r(8).
3
Let d(a) = -a - 15. Calculate d(-5).
-10
Let b(x) = x**3 + x**2 - 3*x + 3. Determine b(2).
9
Let i(y) = -y**3 - 6*y**2 - 4*y + 3. Determine i(-6).
27
Let a(z) = z**3 - 10*z**2 + 6*z - 1. Give a(9).
-28
Let t(f) = -2*f**3 + 49*f**2 + 19*f + 34. Give t(25).
-116
Let q(j) = -4*j + 20. What is q(11)?
-24
Let m(r) = 18*r**2 - 11*r + 11. Determine m(1).
18
Let m(u) = -2*u**2 - 117*u + 170. What is m(-60)?
-10
Let b(a) = 2*a**2 + 8*a - 50. Calculate b(-7).
-8
Let b(t) = -11*t - 58. Determine b(-11).
63
Let k(j) = 3*j**2 - 7. What is k(-3)?
20
Let n(j) = j**3 + 3*j**2 - j + 3. Determine n(-5).
-42
Let c(v) = 29*v + 693. What is c(-24)?
-3
Let m(b) = b**3 - 19*b**2 - 22*b + 49. What is m(20)?
9
Let h(y) = -15*y - 1. Determine h(1).
-16
Let u(i) = 8*i + 12. What is u(-10)?
-68
Let c(v) = 2*v**3 - 2*v**2 - 3*v + 2. What is c(2)?
4
Let h(u) = -u**2 - 10*u - 10. Determine h(-5).
15
Let l(j) = -j - 1. What is l(-7)?
6
Let u(i) = i**3 + 3*i**2 - 3*i - 9. Determine u(-4).
-13
Let x(j) = -2*j + 27. Determine x(-8).
43
Let u(d) = d**3 - d**2 - 4. What is u(3)?
14
Let z(k) = 14*k + 399. Calculate z(-32).
-49
Let n(c) = c**3 - c**2 + 5*c - 6. Calculate n(3).
27
Let f(b) = -b**3 + 11*b**2 - 6*b + 82. What is f(11)?
16
Let r(p) = -p**3 - 2*p**2 + 2*p + 4. Give r(-1).
1
Let z(i) = i**2 - 3*i - 9. What is z(5)?
1
Let h(v) = -34*v + 1. Calculate h(1).
-33
Let h(q) = -5*q**2 + 2*q - 5. Give h(2).
-21
Let y(l) = -l**3 - 11*l**2 + 15*l + 2. What is y(-12)?
-34
Let m(z) = 15*z - 4. Determine m(-1).
-19
Let k(t) = 3*t**3 + t**2 - 1. Determine k(-1).
-3
Let w(y) = y**3 + 12*y**2 + 18. What is w(-12)?
18
Let y(s) = 3*s**2 + 31*s + 18. Determine y(-10).
8
Let x(v) = -7*v + 61. Give x(13).
-30
Let m(w) = -7*w - 2. Determine m(-3).
19
Let f(p) = -p**2 + 23*p - 6. Give f(0).
-6
Let k(l) = l**2 - 19*l + 54. Determine k(20).
74
Let x(w) = w**3 + 21*w**2 - 24*w - 26. Calculate x(-22).
18
Let c(i) = -2*i**3 + 22*i**2 + 2*i - 24. Determine c(11).
-2
Let u(z) = z**3 + 22*z**2 - 27*z - 31. Calculate u(-23).
61
Let w(s) = 2*s**2 - 39*s + 14. Determine w(19).
-5
Let s(g) = -73*g**2 + 2*g - 1. Give s(1).
-72
Let r(x) = x**2 - 9*x - 3. Give r(8).
-11
Let i(v) = -2*v**3 - 18*v**2 - 8*v - 3. Give i(-9).
69
Let k(r) = r**3 + 13*r**2 + 24*r - 2. What is k(-12)?
-146
Let u(p) = p**3 - 12*p**2 - 2*p - 14. Calculate u(12).
-38
Let k(j) = -j**2 - 6*j + 12. Give k(-9).
-15
Let m(t) = t**3 - 2*t**2 - 8*t + 5. Determine m(6).
101
Let g(x) = -5*x + 6. What is g(-5)?
31
Let s(q) = 7*q - 260. Give s(25).
-85
Let o(y) = -2*y + 6. Calculate o(-4).
14
Let g(u) = u**3 - 5*u**2 - 9*u + 10. Give g(6).
-8
Let v(p) = 13*p - 18. Calculate v(-7).
-109
Let u(p) = -p**2 - 18*p - 30. Determine u(-12).
42
Let q(h) = h**3 - 3*h**2 + 4*h + 8. What is q(4)?
40
Let v(y) = 5*y**3 + y**2 + 7*y + 7. Give v(-2).
-43
Let c(u) = u**2 + 11*u + 12. Determine c(-8).
-12
Let y(n) = n - 2. Give y(8).
6
Let i(z) = -6*z**3. Calculate i(1).
-6
Let p(o) = -o**2 + 22*o - 101. Give p(16).
-5
Let p(b) = b + 17. Give p(-12).
5
Let y(b) = -b - 32. Calculate y(-18).
-14
Let m(j) = j + 28. Give m(-14).
14
Let w(j) = -2*j**2 + 17*j - 3. Determine w(8).
5
Let g(z) = -z**2 + 22*z + 4. Give g(23).
-19
Let x(a) = -a**2 - 3*a - 3. Give x(4).
-31
Let u(f) = f**3 + 4*f**2 + 3*f - 2. What is u(-4)?
-14
Let m(b) = 2*b**3 + 7*b**2 - 2*b + 6. What is m(-4)?
-2
Let g(p) = p**3 + 7*p**2 + p - 35. Calculate g(-6).
-5
Let x(f) = -f**2 + 21*f - 10. Calculate x(11).
100
Let l(k) = k**2 - 66. What is l(0)?
-66
Let d(k) = 20*k - 2. Calculate d(10).
198
Let h(l) = l**3 + 13*l**2 - 6*l - 72. Calculate h(-13).
6
Let r(a) = 9*a + 1. Determine r(-6).
-53
Let n(w) = w**3 + 17*w**2 - w - 20. Determine n(-17).
-3
Let o(n) = n**3 + 4*n**2 - 13*n - 41. What is o(-5)?
-1
Let u(r) = r + 10. Determine u(-13).
-3
Let m(i) = 2*i + 7. Calculate m(5).
17
Let l(o) = -o**3 + 11*o**2 - 3*o - 2. What is l(11)?
-35
Let r(g) = -2*g**3 - 14*g**2 - 10*g + 12. What is r(-6)?
0
Let t(w) = 2*w**2 + 68*w + 68. What is t(-33)?
2
Let h(t) = -t**3 + 26*t**2 - 49*t + 14. Determine h(24).
-10
Let z(l) = -2*l**3 - 16*l**2 + 5*l + 34. Give z(-8).
-6
Let t(n) = -2*n**3 + 10*n**2 + 14*n - 18. What is t(6)?
-6
Let s(i) = 4*i**2 - 2*i - 4. Calculate s(3).
26
Let a(z) = -z + 4. Give a(-5).
9
Let b(q) = q**3 + 52*q**2 - 4. What is b(-52)?
-4
Let d(q) = -q**3 + 7*q**2 - 5*q + 3. Determine d(4).
31
Let w(o) = o**2 + 7*o + 10. Give w(-6).
4
Let a(x) = -2*x - 57. What is a(-31)?
5
Let o(f) = f + 21. Determine o(-21).
0
Let c(z) = 3*z + 64. What is c(-27)?
-17
Let z(i) = i**3 + 6*i**2 + 8*i + 3. Calculate z(-4).
3
Let y(z) = -z**2 - 8*z - 3. Give y(-7).
4
Let s(i) = -7*i + 38. Determine s(6).
-4
Let h(y) = y**2 - 15*y - 8. Determine h(16).
8
Let h(a) = a**2 + 18*a - 47. What is h(-20)?
-7
Let i(o) = -2*o**2 - 5*o + 5. Give i(-5).
-20
Let w(u) = -u**3 - 4*u**2 + 5*u + 1. Calculate w(-6).
43
Let q(d) = -2*d**2 - 15*d + 4. What is q(-11)?
-73
Let l(g) = -2*g**3 + 4*g + 6. Determine l(-3).
48
Let p(t) = -t**3 - 22*t**2 + 26*t + 37. Give p(-23).
-32
Let o(h) = -h**3 - 8*h**2 + 7*h - 11. Calculate o(-9).
7
Let d(k) = 18*k - 32. Calculate d(3).
22
Let s(p) = p - 13. Determine s(9).
-4
Let x(i) = -i**3 - 4*i**2 + 3*i - 6. Calculate x(-4).
-18
Let o(c) = 3*c - 138. Calculate o(5).
-123
Let d(s) = -s**3 - 5*s - 6. Calculate d(-2).
12
Let d(a) = -a**3 - 4*a**2 + 7*a + 12. Give d(-5).
2
Let t(z) = -z**2 + 7*z + 20. Give t(7).
20
Let c(v) = 4*v**2 + 54*v + 102. Calculate c(-2).
10
Let k(b) = -b**3 - 4*b**2 + 9*b - 8. Determine k(-7).
76
Let u(n) = 37*n + 1. Give u(-1).
-36
Let x(q) = -2*q + 22. Calculate x(10).
2
Let h(x) = -x**3 + 3*x**2 + 3*x - 1. Calculate h(4).
-5
Let g(d) = -d**2 - 5*d + 187. Give g(-16).
11
Let c(l) = l**2 - 6*l + 5. Determine c(4).
-3
Let p(q) = -q**3 + 7*q**2 - 6*q. What is p(4)?
24
Let d(w) = w**3 + 9*w**2 + 2. Calculate d(-9).
2
Let j(o) = o**3 - 35*o**2 + o - 40. Calculate j(35).
-5
Let l(h) = -h**3 + 12*h**2 - h + 18. Determine l(12).
6
Let f(r) = -2*r - 4. Calculate f(5).
-14
Let o(g) = -2*g**3 - 9*g**2 + 2*g - 17. Give o(-5).
-2
Let u(z) = -3*z**2 - 27*z + 22. Calculate u(-10).
-8
Let d(j) = j**3 - 5*j**2 + j + 5. Calculate d(5).
10
Let j(r) = -r**3 + 22*r**2 - 47*r - 4. What is j(19)?
186
Let s(a) = -2*a**2 + 18*a + 51. Calculate s(-3).
-21
Let m(q) = -4*q**2 + q. Calculate m(1).
-3
Let r(a) = -a**3 + 8*a**2 - 7*a - 7. Calculate r(6).
23
Let k(d) = d - 13. Give k(0).
-13
Let r(f) = -16*f - 150. Calculate r(-9).
-6
Let j(k) = 7*k**2 - 42*k + 3. What is j(6)?
3
Let i(h) = -3*h**2 + 2*h - 1. Calculate i(1).
-2
Let h(m) = m**3 - 6*m**2 - 4*m + 12. What is h(6)?
-12
Let b(c) = c**2 - 11*c + 33. Give b(7).
5
Let z(a) = 12*a + 102. Calculate z(-10).
-18
Let s(b) = -3*b - 17. What is s(-26)?
61
Let z(p) = 2*p - 25. What is z(6)?
-13
Let c(w) = -3*w**3 + w**2 + 3*w - 5. What is c(2)?
-19
Let f(r) = r**2 - 7*r - 11. Give f(8).
-3
Let k(l) = -l**2 + 11*l - 25. Calculate k(5).
5
Let s(f) = -7*f - 5. Give s(-2).
9
Let z(i) = i**3 - 8*i**2 + 17*i + 2. Determine z(7).
72
Let j(s) = s**3 - 4*s**2 + 12*s - 13. Determine j(2).
3
Let j(k) = k**2 + 18*k + 59. Determine j(-4).
3
Let q(r) = -24*r**2 + 1. Determine q(1).
-23
Let s(i) = -3*i**2 + 35*i - 7. Calculate s(11).
15
Let p(h) = -2*h**3 + 2*h**2 - 2. What is p(3)?
-38
Let f(j) = j**2 - 5*j - 1. Give f(3).
-7
Let g(d) = -d**3 - 3*d**2 - 3*d + 11. Determine g(-5).
76
Let v(w) = w**2 + 10*w + 6. Calculate v(-10).
6
Let q(o) = -3*o**2 + 11*o + 8. Calculate q(9).
-136
Let j(l) = -l**2 - 13*l - 31. Calculate j(-4).
5
Let t(g) = -15*g - 5. Give t(2).
-35
Let l(y) = -y**3 - 6*y**2 - 3*y - 9. Give l(-7).
61
Let i(v) = 3*v**2 + 8*v + 4. Calculate i(-5).
39
Let y(o) = -2*o**2 - 12*o + 17. What is y(-8)?
-15
Let f(v) = -v**2 + 8*v. Cal